{"id":10,"date":"2019-04-18T16:32:34","date_gmt":"2019-04-18T14:32:34","guid":{"rendered":"https:\/\/macoco.fr\/elya\/?page_id=10"},"modified":"2019-05-23T15:12:46","modified_gmt":"2019-05-23T13:12:46","slug":"accueil","status":"publish","type":"page","link":"https:\/\/macoco.fr\/elya\/","title":{"rendered":"Accueil"},"content":{"rendered":"\n<h3 class=\"wp-block-heading\">Pr\u00e9sentation de la ville<\/h3>\n\n\n\n<p>Elya est une ville \u00e9co-futuriste, situ\u00e9e sur une grande \u00eele m\u00e9diterran\u00e9enne.En 2050, l\u2019Union europ\u00e9enne d\u00e9cide de cr\u00e9er une ville auto-suffisante (\u00e9nergie renouvelable, etc.)<\/p>\n\n\n<ul class=\"wp-block-latest-posts__list wp-block-latest-posts\"><li><a class=\"wp-block-latest-posts__post-title\" href=\"https:\/\/macoco.fr\/elya\/2019\/04\/18\/nouveaux-transport\/\">Nouveaux transport !!<\/a><\/li>\n<\/ul>\n\n<div id=\"wpc-weather-id-778\" class=\"wpc-weather-id\" data-id=\"778\" data-post-id=\"10\" data-map=\"\" data-detect-geolocation=\"\" data-manual-geolocation=\"\" data-wpc-lat=\"\" data-wpc-lon=\"\" data-wpc-city-id=\"\" data-wpc-city-name=\"\" data-custom-font=\"\"><\/div>\n","protected":false},"excerpt":{"rendered":"<p>Pr\u00e9sentation de la ville Elya est une ville \u00e9co-futuriste, situ\u00e9e sur une grande \u00eele m\u00e9diterran\u00e9enne.En 2050, l\u2019Union europ\u00e9enne d\u00e9cide de cr\u00e9er une ville auto-suffisante (\u00e9nergie renouvelable, etc.)<\/p>\n","protected":false},"author":1,"featured_media":151,"parent":0,"menu_order":0,"comment_status":"closed","ping_status":"closed","template":"","meta":{"footnotes":""},"class_list":["post-10","page","type-page","status-publish","has-post-thumbnail","hentry"],"_links":{"self":[{"href":"https:\/\/macoco.fr\/elya\/wp-json\/wp\/v2\/pages\/10","targetHints":{"allow":["GET"]}}],"collection":[{"href":"https:\/\/macoco.fr\/elya\/wp-json\/wp\/v2\/pages"}],"about":[{"href":"https:\/\/macoco.fr\/elya\/wp-json\/wp\/v2\/types\/page"}],"author":[{"embeddable":true,"href":"https:\/\/macoco.fr\/elya\/wp-json\/wp\/v2\/users\/1"}],"replies":[{"embeddable":true,"href":"https:\/\/macoco.fr\/elya\/wp-json\/wp\/v2\/comments?post=10"}],"version-history":[{"count":16,"href":"https:\/\/macoco.fr\/elya\/wp-json\/wp\/v2\/pages\/10\/revisions"}],"predecessor-version":[{"id":782,"href":"https:\/\/macoco.fr\/elya\/wp-json\/wp\/v2\/pages\/10\/revisions\/782"}],"wp:featuredmedia":[{"embeddable":true,"href":"https:\/\/macoco.fr\/elya\/wp-json\/wp\/v2\/media\/151"}],"wp:attachment":[{"href":"https:\/\/macoco.fr\/elya\/wp-json\/wp\/v2\/media?parent=10"}],"curies":[{"name":"wp","href":"https:\/\/api.w.org\/{rel}","templated":true}]}}