{"id":333,"date":"2019-05-13T13:10:33","date_gmt":"2019-05-13T11:10:33","guid":{"rendered":"https:\/\/macoco.fr\/elya\/?page_id=333"},"modified":"2019-05-21T21:47:21","modified_gmt":"2019-05-21T19:47:21","slug":"lycees","status":"publish","type":"page","link":"https:\/\/macoco.fr\/elya\/lycees\/","title":{"rendered":"Lyc\u00e9es"},"content":{"rendered":"\n<h4 class=\"wp-block-heading\">Lyc\u00e9e Marie Laurencin<\/h4>\n\n\n\n<p>51, rue Paul C\u00e9zanne&nbsp;&#8211;&nbsp;91540 MENNECY<\/p>\n\n\n\n<p>T\u00e9l. : 01 69 90 05 78 <\/p>\n\n\n\n<div class=\"wp-block-image\"><figure class=\"aligncenter is-resized\"><img loading=\"lazy\" decoding=\"async\" src=\"https:\/\/macoco.fr\/elya\/wp-content\/uploads\/2019\/05\/660.jpg\" alt=\"\" class=\"wp-image-334\" width=\"793\" height=\"446\" srcset=\"https:\/\/macoco.fr\/elya\/wp-content\/uploads\/2019\/05\/660.jpg 660w, https:\/\/macoco.fr\/elya\/wp-content\/uploads\/2019\/05\/660-300x169.jpg 300w\" sizes=\"auto, (max-width: 793px) 100vw, 793px\" \/><\/figure><\/div>\n\n\n\n<h4 class=\"wp-block-heading\">Lyc\u00e9e public d&rsquo;enseignement g\u00e9n\u00e9ral et technologique<\/h4>\n\n\n\n<p>95 boulevard Jean Jaur\u00e8s&nbsp;&#8211;&nbsp;91100 CORBEIL-ESSONNES<\/p>\n\n\n\n<p>T\u00e9l. : 01 60 88 81 81<br><\/p>\n\n\n\n<h4 class=\"wp-block-heading\">Lyc\u00e9e professionnel priv\u00e9 Saint-L\u00e9on<\/h4>\n\n\n\n<p>4, quai de l&rsquo;Essonne&nbsp;&#8211;&nbsp;91100 CORBEIL-ESSONNES<\/p>\n\n\n\n<p>T\u00e9l. : 01 60 88 48 68 <\/p>\n\n\n\n<h4 class=\"wp-block-heading\">Lyc\u00e9e d&rsquo;enseignement professionnel Charles Baudelaire<\/h4>\n\n\n\n<p>Avenue de la Libert\u00e9&nbsp;&#8211;&nbsp;91000 EVRY<\/p>\n\n\n\n<p>T\u00e9l. : 01 60 77 16 09<\/p>\n\n\n\n<h4 class=\"wp-block-heading\">Lyc\u00e9e polyvalent mixte<\/h4>\n\n\n\n<p>Boulevard des Champs Elys\u00e9es &nbsp;&#8211;&nbsp;91000 EVRY<\/p>\n\n\n\n<p>T\u00e9l. : 01 60 78 56 96<br><strong>sections commerciales :<\/strong>&nbsp;01.60.77.61.72 <\/p>\n\n\n\n<h4 class=\"wp-block-heading\">Lyc\u00e9e polyvalent catholique Saint Jean, Saint Paul, Sainte Mathilde<\/h4>\n\n\n\n<p>5 avenue Rastibonne&nbsp;&#8211;&nbsp;91000 EVRY<\/p>\n\n\n\n<p>T\u00e9l. : 01 64 97 32 78<\/p>\n\n\n\n<h4 class=\"wp-block-heading\">Lyc\u00e9e Professionnel Auguste PERRET<\/h4>\n\n\n\n<p>Avenue de la Libert\u00e9&nbsp;&#8211;&nbsp;91000 EVRY<\/p>\n\n\n\n<p>T\u00e9l. : 01 60 91 33 50<\/p>\n\n\n\n<div style=\"height:64px\" aria-hidden=\"true\" class=\"wp-block-spacer\"><\/div>\n","protected":false},"excerpt":{"rendered":"<p>Lyc\u00e9e Marie Laurencin 51, rue Paul C\u00e9zanne&nbsp;&#8211;&nbsp;91540 MENNECY T\u00e9l. : 01 69 90 05 78 Lyc\u00e9e public d&rsquo;enseignement g\u00e9n\u00e9ral et technologique 95 boulevard Jean Jaur\u00e8s&nbsp;&#8211;&nbsp;91100 CORBEIL-ESSONNES T\u00e9l. : 01 60 88 81 81 Lyc\u00e9e professionnel priv\u00e9 Saint-L\u00e9on 4, quai de l&rsquo;Essonne&nbsp;&#8211;&nbsp;91100 CORBEIL-ESSONNES T\u00e9l. : 01 60 88 48 68 Lyc\u00e9e [&hellip;]<\/p>\n","protected":false},"author":4,"featured_media":0,"parent":0,"menu_order":0,"comment_status":"closed","ping_status":"closed","template":"","meta":{"footnotes":""},"class_list":["post-333","page","type-page","status-publish","hentry"],"_links":{"self":[{"href":"https:\/\/macoco.fr\/elya\/wp-json\/wp\/v2\/pages\/333","targetHints":{"allow":["GET"]}}],"collection":[{"href":"https:\/\/macoco.fr\/elya\/wp-json\/wp\/v2\/pages"}],"about":[{"href":"https:\/\/macoco.fr\/elya\/wp-json\/wp\/v2\/types\/page"}],"author":[{"embeddable":true,"href":"https:\/\/macoco.fr\/elya\/wp-json\/wp\/v2\/users\/4"}],"replies":[{"embeddable":true,"href":"https:\/\/macoco.fr\/elya\/wp-json\/wp\/v2\/comments?post=333"}],"version-history":[{"count":2,"href":"https:\/\/macoco.fr\/elya\/wp-json\/wp\/v2\/pages\/333\/revisions"}],"predecessor-version":[{"id":369,"href":"https:\/\/macoco.fr\/elya\/wp-json\/wp\/v2\/pages\/333\/revisions\/369"}],"wp:attachment":[{"href":"https:\/\/macoco.fr\/elya\/wp-json\/wp\/v2\/media?parent=333"}],"curies":[{"name":"wp","href":"https:\/\/api.w.org\/{rel}","templated":true}]}}