{"id":92,"date":"2019-04-18T16:46:21","date_gmt":"2019-04-18T14:46:21","guid":{"rendered":"https:\/\/macoco.fr\/elya\/?page_id=92"},"modified":"2019-05-21T21:41:57","modified_gmt":"2019-05-21T19:41:57","slug":"transports-scolaires","status":"publish","type":"page","link":"https:\/\/macoco.fr\/elya\/transports-scolaires\/","title":{"rendered":"Transports scolaires"},"content":{"rendered":"\n<h4 class=\"wp-block-heading\">Mise en place du ramassage scolaires<\/h4>\n\n\n\n<div class=\"wp-block-media-text alignwide has-media-on-the-right\" style=\"grid-template-columns:auto 42%\"><figure class=\"wp-block-media-text__media\"><img loading=\"lazy\" decoding=\"async\" width=\"750\" height=\"563\" src=\"https:\/\/macoco.fr\/elya\/wp-content\/uploads\/2019\/04\/564b30b8dd08950b378b47b4-750-563.jpg\" alt=\"\" class=\"wp-image-222\" srcset=\"https:\/\/macoco.fr\/elya\/wp-content\/uploads\/2019\/04\/564b30b8dd08950b378b47b4-750-563.jpg 750w, https:\/\/macoco.fr\/elya\/wp-content\/uploads\/2019\/04\/564b30b8dd08950b378b47b4-750-563-300x225.jpg 300w\" sizes=\"auto, (max-width: 750px) 100vw, 750px\" \/><\/figure><div class=\"wp-block-media-text__content\">\n<p style=\"font-size:-3px\"> Durant l\u2019ann\u00e9e scolaire 2018-2019, un bus est mis \u00e0 disposition des enfants le matin et le soir. Le transport est sous la surveillance de deux agents communaux mais sous la responsabilit\u00e9 du STIF. <\/p>\n\n\n\n<p>Pour l\u2019ann\u00e9e 2018-2019, le transport scolaire sera factur\u00e9 250\u20ac par le CCVE qui participe \u00e0 hauteur de 125\u20ac par \u00e9l\u00e8ve transport\u00e9. Apr\u00e8s r\u00e8glement de la facture, une carte de transport vous sera remise par la CCVE.\u00a0<\/p>\n\n\n\n<p>Il est de la responsabilit\u00e9 des parents d\u2019accompagner et de venir chercher leurs enfants \u00e0 l\u2019arr\u00eat de bus. Sans parent pr\u00e9sent \u00e0 l\u2019arr\u00eat indiqu\u00e9 du soir, l\u2019enfant jusqu\u2019au CP sera conduit \u00e0 la garderie p\u00e9riscolaire.&nbsp;<\/p>\n\n\n\n<p>Si vous souhaitez que vos enfants rentrent seuls de l\u2019arr\u00eat du bus \u00e0 votre domicile, vous devez effectuer une autorisation \u00e9crite aupr\u00e8s du service Enfance.&nbsp;<\/p>\n\n\n\n<p>Grille des horaires, cliquez ici :<\/p>\n<\/div><\/div>\n\n\n\n<div class=\"wp-block-image\"><figure class=\"aligncenter\"><img loading=\"lazy\" decoding=\"async\" width=\"857\" height=\"318\" src=\"https:\/\/macoco.fr\/elya\/wp-content\/uploads\/2019\/05\/horaires-bus.png\" alt=\"\" class=\"wp-image-358\" srcset=\"https:\/\/macoco.fr\/elya\/wp-content\/uploads\/2019\/05\/horaires-bus.png 857w, https:\/\/macoco.fr\/elya\/wp-content\/uploads\/2019\/05\/horaires-bus-300x111.png 300w, https:\/\/macoco.fr\/elya\/wp-content\/uploads\/2019\/05\/horaires-bus-768x285.png 768w\" sizes=\"auto, (max-width: 857px) 100vw, 857px\" \/><\/figure><\/div>\n\n\n\n<h4 class=\"wp-block-heading\">Itin\u00e9raires &amp; Arr\u00eats <\/h4>\n\n\n\n<div class=\"wp-block-media-text alignwide\"><figure class=\"wp-block-media-text__media\"><img loading=\"lazy\" decoding=\"async\" width=\"761\" height=\"453\" src=\"https:\/\/macoco.fr\/elya\/wp-content\/uploads\/2019\/05\/arret-futur-modif-493-silhouettes-01_orig-e1557739572786.jpg\" alt=\"\" class=\"wp-image-297\" srcset=\"https:\/\/macoco.fr\/elya\/wp-content\/uploads\/2019\/05\/arret-futur-modif-493-silhouettes-01_orig-e1557739572786.jpg 761w, https:\/\/macoco.fr\/elya\/wp-content\/uploads\/2019\/05\/arret-futur-modif-493-silhouettes-01_orig-e1557739572786-300x179.jpg 300w\" sizes=\"auto, (max-width: 761px) 100vw, 761px\" \/><\/figure><div class=\"wp-block-media-text__content\">\n<p class=\"has-large-font-size\">Arr\u00eat de bus <\/p>\n\n\n\n<p>Con\u00e7u sp\u00e9cialement pour abriter vos enfants, respectueux de l&rsquo;environnement de par sa composition naturelle.<\/p>\n\n\n\n<p><\/p>\n<\/div><\/div>\n\n\n\n<p><\/p>\n\n\n\n<div class=\"wp-block-image\"><figure class=\"aligncenter\"><img loading=\"lazy\" decoding=\"async\" width=\"924\" height=\"285\" src=\"https:\/\/macoco.fr\/elya\/wp-content\/uploads\/2019\/05\/itin\u00e9raires-bus.png\" alt=\"\" class=\"wp-image-359\" srcset=\"https:\/\/macoco.fr\/elya\/wp-content\/uploads\/2019\/05\/itin\u00e9raires-bus.png 924w, https:\/\/macoco.fr\/elya\/wp-content\/uploads\/2019\/05\/itin\u00e9raires-bus-300x93.png 300w, https:\/\/macoco.fr\/elya\/wp-content\/uploads\/2019\/05\/itin\u00e9raires-bus-768x237.png 768w\" sizes=\"auto, (max-width: 924px) 100vw, 924px\" \/><\/figure><\/div>\n","protected":false},"excerpt":{"rendered":"<p>Mise en place du ramassage scolaires Durant l\u2019ann\u00e9e scolaire 2018-2019, un bus est mis \u00e0 disposition des enfants le matin et le soir. Le transport est sous la surveillance de deux agents communaux mais sous la responsabilit\u00e9 du STIF. Pour l\u2019ann\u00e9e 2018-2019, le transport scolaire sera factur\u00e9 250\u20ac par le [&hellip;]<\/p>\n","protected":false},"author":1,"featured_media":0,"parent":0,"menu_order":0,"comment_status":"closed","ping_status":"closed","template":"","meta":{"footnotes":""},"class_list":["post-92","page","type-page","status-publish","hentry"],"_links":{"self":[{"href":"https:\/\/macoco.fr\/elya\/wp-json\/wp\/v2\/pages\/92","targetHints":{"allow":["GET"]}}],"collection":[{"href":"https:\/\/macoco.fr\/elya\/wp-json\/wp\/v2\/pages"}],"about":[{"href":"https:\/\/macoco.fr\/elya\/wp-json\/wp\/v2\/types\/page"}],"author":[{"embeddable":true,"href":"https:\/\/macoco.fr\/elya\/wp-json\/wp\/v2\/users\/1"}],"replies":[{"embeddable":true,"href":"https:\/\/macoco.fr\/elya\/wp-json\/wp\/v2\/comments?post=92"}],"version-history":[{"count":15,"href":"https:\/\/macoco.fr\/elya\/wp-json\/wp\/v2\/pages\/92\/revisions"}],"predecessor-version":[{"id":363,"href":"https:\/\/macoco.fr\/elya\/wp-json\/wp\/v2\/pages\/92\/revisions\/363"}],"wp:attachment":[{"href":"https:\/\/macoco.fr\/elya\/wp-json\/wp\/v2\/media?parent=92"}],"curies":[{"name":"wp","href":"https:\/\/api.w.org\/{rel}","templated":true}]}}